 1. Let p be b(2). Let k be 1*(5 - (-2 - -2)). Suppose -p = -k*o + 164. Is o a prime number?
False
Suppose -1278 = 4*l - 15798. Is l + (5/(20/(-12)) - -2) a prime number?
False
Let p = 26217 + 124904. Is p prime?
True
Let k be (44/(-10))/(-2) + (-5)/25. Is 3/(-2) - k/(-8)*466 a composite number?
True
Let r = 12 + 0. Let q be (596/r)/(4/(-60)). Let k = 1092 + q. Is k composite?
False
Let h = -592 + 6261. Is h composite?
False
Let g(a) = 2*a**3 + a**2 - 18*a - 14. Suppose 0 = 2*j + 4*b - 28, -4*j - 5*b = -2*b - 36. Is g(j) composite?
True
Let j(o) = 17*o**2 + 2. Let r be -4 + (-279)/(-39) - 4/26. Is j(r) composite?
True
Suppose 7*g = -54237 + 259120. Is g prime?
True
Suppose 0 = -9*a - 3*a + 136812. Is a composite?
True
Is 44204 - (6*20/12 - 7) a prime number?
True
Let f(r) = r - 791*r**2 - 1 - 277*r**2 + 94*r**2. Let c be f(1). Let j = -667 - c. Is j prime?
True
Let j(i) = -2*i - 9. Let r be j(-9). Let c = 11 - r. Is 44/2*c - 1 composite?
False
Let r(w) = -1. Let s(h) = 27*h + 24. Let p(o) = 5*r(o) + s(o). Is p(9) composite?
True
Let t(s) = -215*s - 1. Let x be t(-1). Let y = 409 - x. Let d = 344 - y. Is d composite?
False
Let g = 84 + -83. Let h(w) = 2147*w**2 + 7*w - 5. Is h(g) prime?
False
Suppose 0 = -2*n - 3*p - 9, 4*p + 11 - 3 = -4*n. Suppose 0*a - 1671 = -n*a. Is a composite?
False
Suppose 0 = -21*i + 14*i + 65107. Is i composite?
True
Let h = -824 - -376. Let m = 1233 + -456. Let v = m + h. Is v a composite number?
True
Let i = -88314 + 180727. Is i prime?
True
Let c(w) = 374*w + 19. Is c(3) prime?
False
Let l(g) = -2*g - 20. Let f be l(-10). Suppose -4*s + 2025 + 299 = f. Is s a prime number?
False
Let u = 7343 - 3966. Is u a prime number?
False
Let v = 9 - 5. Suppose 0 = v*t + 5*z - 187, -z = -5*t + 326 - 85. Let m = 97 - t. Is m a composite number?
True
Let r be 32/(-14) + 4*(-2)/(-28). Is r*((-380)/8 + 3) prime?
True
Let s(m) = -m + 54. Suppose 0 = g + 3*g. Let q be s(g). Suppose -4*b - 5*t + 383 = 0, -3*t - 46 - q = -b. Is b a composite number?
False
Let v(f) = f**2 - 17*f + 39. Let i be v(14). Is 43/(((-6)/38)/i) a composite number?
True
Let i(a) = 149*a - 1. Let p(s) = -74*s + 1. Let b(u) = 3*i(u) + 5*p(u). Let c be b(2). Suppose -8*l + c = -4*l. Is l a prime number?
False
Let q be (-62)/(-6) + (-16)/(-24). Suppose 0 = 15*b - q*b - 3364. Suppose 3*o - 844 = -2*o - 3*h, 5*o + 2*h = b. Is o a prime number?
True
Suppose 1546 - 12906 = -3*o + j, -j = 4*o - 15156. Suppose 15*p - o = 11*p. Is p composite?
False
Let b be (-9 - 0)/(-1) - 3. Suppose 4*i + 558 = b*i. Suppose 0*s = -3*s + i. Is s prime?
False
Let z be 39/2*13/((-78)/1340). Let k = z + 7918. Is k composite?
True
Suppose 0 = -8*j + 70615 - 23103. Is j composite?
False
Suppose 5*g - 57280 = 5*r, r = -2*g + 32612 - 9685. Suppose 9*v - g = 11750. Is v composite?
False
Let l be (0 + -4 - -4)/4. Let r(n) = -n**2 + n + 199. Is r(l) a prime number?
True
Suppose 10 = -6*j - 8. Is 634 - (-1 - j - -1) a prime number?
True
Let x(k) = 19*k + 7*k + 6 - 3*k. Suppose -4 = -5*s + 21. Is x(s) a prime number?
False
Let r = -3 + 412. Is r prime?
True
Let m(a) = 969*a + 7. Let y(x) = 1454*x + 11. Let j(s) = 7*m(s) - 5*y(s). Is j(-1) a prime number?
False
Let s(d) = -172*d - 38. Let b be s(-10). Suppose 5*g - 4183 = -3*p, 0*g - 2*g + p + b = 0. Is g a prime number?
True
Suppose -3*x - 8 = 4, -4*i - 5*x = 0. Suppose 5*s - 730 = -5*o, 0 = -i*s + 3*o - 6*o + 724. Is s prime?
False
Let s(k) = k**3 + 4*k**2 - 10*k + 6. Let h be s(-6). Let n(l) = 44*l**2 + 3*l - 5. Is n(h) composite?
True
Is 148133/2 + (-282)/188 a prime number?
False
Let j be 446/(-4) + 1/(-2). Let c = -319 - j. Let b = -110 - c. Is b a composite number?
False
Suppose 3*n - 5*n = 4, -x + 15 = -4*n. Suppose y = 6 - x, -4*y = -c + 2451. Is c a composite number?
False
Is 2474/6 - (-568)/213 prime?
False
Let k be (-22)/66 + (-3517)/(-3). Let a = 229 + k. Is a a prime number?
False
Let d(m) = -m**2 - 13*m - 20. Let z be d(-11). Suppose -2*r + 2887 = -5*j, 5*r + 27 - 7230 = -z*j. Is r prime?
False
Suppose -4*m + 11 = -1. Is (20/8 - m)*-1174 a composite number?
False
Let n(x) = -x**2 + x - 8. Let q be n(0). Let p(a) = 4*a**2 + 15*a + 6. Let v(i) = -i**2 - i - 1. Let y(o) = -p(o) - 5*v(o). Is y(q) a composite number?
True
Let h(r) = 216*r + 8. Let s be h(8). Suppose 5*a - s = 9*a. Is (2/(-4))/(7/a) a composite number?
False
Let b(g) = -1837*g - 15. Is b(-10) composite?
True
Let f = -3 + 9. Suppose f = -10*i + 13*i. Suppose 2*r + 0*r - b - 202 = 0, -i*r = -5*b - 186. Is r a prime number?
True
Is 569739/45 + (-96)/(-720) composite?
True
Let b = -40 - -33. Is 2*((-1869)/6)/b a prime number?
True
Suppose -6*f + 19 = -4*f - g, 4*g + 13 = -f. Let n = -767 + 1285. Suppose i - n = -f. Is i prime?
False
Let j(d) = 2*d**2 - 5*d - 3. Let g(c) = c**3 - 7*c**2 + 10*c - 16. Let b be g(6). Is j(b) composite?
True
Suppose -i = -2*i - 3*s + 27, 5*i - 2*s - 101 = 0. Let f = i - -6. Suppose -l + 145 = 2*b + b, -5*l - f = -b. Is b composite?
False
Suppose -c = -57*z + 58*z - 29931, 0 = -2*z + c + 59868. Is z composite?
True
Suppose 0 = 47*y - 187616 - 155343. Is y prime?
True
Let x be ((-83)/3 - 1)/((-12)/(-38430)). Is x/(-91) + ((-30)/(-26) - 1) a prime number?
True
Let k(u) = -300*u**2 + 3*u + 2. Let i be k(-1). Let o = 150 - i. Is o prime?
False
Let y(v) = -v**3 + 15*v**2 + 24*v + 22. Let t be y(12). Suppose -r + 322 = 5*b, -4*r + 4*b - t = -1958. Is r composite?
False
Let q(d) be the first derivative of -21*d**2/2 - 5*d + 4. Is q(-4) composite?
False
Let y = 23 - 33. Let v(h) = 2*h**2 - 3*h - 23. Let n be v(y). Suppose 2*c - n = -c. Is c a prime number?
False
Let i be 12/(-9)*9/2. Let a = -4 - i. Suppose 7*l - a*l - 1645 = 0. Is l composite?
True
Is (-12)/(-8)*2/3*109211 a prime number?
True
Let x(j) = 642*j - 1. Let u be x(-2). Let l = -486 - u. Is l composite?
True
Let c = 89 - 134. Is (930/c)/((-2)/51) a composite number?
True
Suppose 3*a + 3*k + 11 + 4 = 0, -2*k + 11 = -5*a. Let r(i) be the third derivative of 19*i**5/30 - i**4/24 + 4*i**3/3 + 2*i**2 - 27*i. Is r(a) a prime number?
True
Let g be 2*(-135)/(-40)*56/2. Suppose -d - g = -p + 3, -2*d + 974 = 5*p. Is p a prime number?
False
Suppose -7*d - 3 = -17. Is (3 + d*-167)*-7 composite?
True
Suppose -a = -q - 0*a, 0 = 2*q + 4*a - 12. Let b be (q - 2)*(-1)/2. Suppose 5*j - 1392 + 227 = b. Is j a composite number?
False
Suppose -l = -2*n + 2815, 3*n - 3*l - 1575 - 2643 = 0. Is n a composite number?
False
Let o(x) = 1378*x - 233. Is o(13) composite?
False
Suppose -26609 = -8*n - 6585. Is n composite?
False
Suppose -g + 227 = 37. Let h be (-4)/(-10)*g/19. Suppose t - h*x = -2*t + 1277, 5*t - 4*x = 2131. Is t prime?
False
Let p = -3 + 9. Let y = p - -10. Is 508/y*(1 - -3) composite?
False
Let i(c) be the second derivative of -c**5/20 - c**4/4 + c**3/2 - 5*c**2/2 + c. Let s be i(-4). Is (-37)/(((-4)/s)/(-4)) composite?
False
Let x(l) = -7*l + 1717. Let j(k) = 2*k**3 + 16*k**2 - 2*k - 16. Let c be j(-8). Is x(c) a composite number?
True
Let h(w) = 79*w**2 - 17*w + 53. Is h(4) a prime number?
True
Let r = 656 - 35. Let w = r - 352. Is w composite?
False
Suppose 13*c = 30*c - 322541. Is c a prime number?
True
Suppose 9 - 23 = -2*y. Suppose -3*l = -13 - 2. Suppose -m = l*n - 4, -3*m + y*n = 2*n - 52. Is m composite?
True
Let p be 1161/81*(-6)/2. Let v = p - -56. Is v a prime number?
True
Suppose -4*c + 260 = -9*c. Let t = c + 75. Suppose 4*o = 5*o - t. Is o prime?
True
Let h be (-1)/(2*1*(-4)/96). Suppose -1285 - 4607 = -h*m. Is m composite?
False
Suppose 16*s = 7*s - 7893. Let p = s + 2136. Is p prime?
True
Suppose 0 = -115*w + 107*w + 45848. Is w composite?
True
Let i(r) = -5*r - 51. Let z be i(-11). Let l = 4 - 6. Is (-1992)/12*l/z a prime number?
True
Let a = 22 - 20. Let h(j) = 5*j + j + j**3 - 8*j**a + 80 - 82. Is h(9) a composite number?
True
Suppose 5*p + 1 = -19. Is p*5/((-60)/381) a prime number?
True
Suppose 2*d + 12 = -12. Let i be -6*4/(-8) + 0. Is (0 + -1468)*i/d a prime number?
True
Let w = 1 + -1. Suppose 12*q - 435 = 11*q. Suppose w*a + q = 3*a. Is a prime?
False
Let b be (2/8)/((-6)/(-1896)). Let u = b + -56. Let z = 46 - u. Is z a prime number?
True
Let y be (-5 + 4)/(1/(-2)). Suppose y*g - 152 = 98. Suppose -2*l - 3*i - 2*i = -85, 2*l - 3*i = g. Is l prime?
False
Suppose -5*j = 15 - 90. L